et r(x) = -6*x + 23. Let b(t) = -t - 1. Let s(u) = -2*b(u) + r(u). What is the remainder when 231 is divided by s(2)?
10
Let u(x) = 157*x - 1007. Calculate the remainder when 162 is divided by u(7).
70
Let k = -43973 - -44130. What is the remainder when k is divided by 48?
13
Suppose -h = 5*c + 81, 2*h - 2*c - 3*c = -87. Let s = 122 + h. What is the remainder when s is divided by 5?
1
Suppose 3370 - 21503 = -15*s + 3512. What is the remainder when s is divided by 717?
9
Let o = 360 + -336. Let h = 221 + -126. Calculate the remainder when h is divided by o.
23
Suppose 5*h - v - 14 + 3 = 0, 2 = -h - 4*v. Suppose 6*t - 303 = -3*r + h*t, -4*r - 4*t = -400. Calculate the remainder when r is divided by 9.
7
Calculate the remainder when 0 + 4/18 - 46*(-19579)/63 is divided by 325.
321
Let t = -40 - -46. Calculate the remainder when (-10)/t*16/(112/(-147)) is divided by 6.
5
Let g(x) = x**3 + 3*x**2 - 10*x - 40. Let k be g(-5). What is the remainder when 168 is divided by (10 + 0)*(k/(-8))/5?
8
Let t(z) = -17*z + 5. Let o be (-48)/54*-3 - (-2)/6. Let i(x) = 8*x - 2. Let w(j) = o*t(j) + 7*i(j). What is the remainder when 178 is divided by w(7)?
34
Let w(r) = -3*r - 47. Suppose -l = -2 - 76. Let y = l + -40. Calculate the remainder when y is divided by w(-20).
12
Let z(a) = 2*a + 9. Suppose -11*x = -0*x - 319. Calculate the remainder when z(10) is divided by x.
0
Let m(t) = t**3 + 5*t**2 - 2*t + 3. Calculate the remainder when 1128/(-18)*30/(-40) is divided by m(-4).
20
Suppose 5*m + 37 - 637 = 0. Suppose 15*j + 2*s - 263 - 302 = 0, 4*j = 5*s + 123. Calculate the remainder when m is divided by j.
9
Suppose 46 = -4*x + u, 2*x = 3*x + 2*u + 7. Let r = x - 45. Let o = 83 + r. Calculate the remainder when o is divided by 14.
13
Let s = 1037 - 710. Let j = -274 + s. What is the remainder when j is divided by 28?
25
Suppose 68*w = -2*w + 57632 - 9822. Calculate the remainder when w is divided by 165.
23
Let c(v) be the second derivative of 2*v**3/3 - 6*v**2 + 58*v. What is the remainder when c(20) is divided by 16?
4
Suppose 0*i - 2*i + 16 = 0. Suppose 6*f = 4*f - i. What is the remainder when (f - (-15)/3)/((-2)/(-70)) is divided by 20?
15
Let c(d) = 53*d - 1876. Calculate the remainder when 92 is divided by c(36).
28
Let c = -20 - -24. Suppose 8*y + 2*v = 3*y + 45, c*y - 36 = -3*v. Calculate the remainder when (-77)/21*60/(-10 + 5) is divided by y.
8
Suppose 3*f + 663 = 5*m, m - 12*f - 136 = -8*f. Let t = -113 + m. What is the remainder when t is divided by 12?
7
Let c = -56 + 58. Suppose c*z = 5*v - 149, 1 = -z - 1. Suppose 2*j - 4*j + 12 = 0. Calculate the remainder when v is divided by j.
5
Suppose 3*s - 3 = 0, 9*o + 5 = 4*o + 5*s. Suppose 0 = g + 2*g - 2*p - 150, -5*g + p + 250 = o. Calculate the remainder when g is divided by 17.
16
Let d(p) = 2*p**2 - 2*p - 1. Let c be d(2). Suppose -c*w = w. Suppose w = -3*l + b - 8 + 77, 5*b + 105 = 5*l. Calculate the remainder when 70 is divided by l.
22
Let q = -23132 + 23450. What is the remainder when 2866 is divided by q?
4
Let f(p) = 8*p**2 + 2*p + 1. Suppose 2*c - 131 + 15 = -5*n, n + 44 = c. Calculate the remainder when c is divided by f(-2).
19
Let x(a) = -a + 12. Let c be x(7). Suppose -5*n = 5*s + 185, 0 = -s - 3*s + c*n - 121. Let y = s + 52. Calculate the remainder when 70 is divided by y.
16
Suppose 5*n + 348 = -7*q + 3*q, q + 5*n + 72 = 0. Let k = -72 - q. What is the remainder when 156 is divided by k?
16
Suppose 0 = d + 5*w - 186, 2*w + 162 = d - 3. Calculate the remainder when 521 is divided by d.
8
Let k be (4*(-10)/(-25))/((-1)/(-10)). Let y be (-1*16)/(k/(-24)). What is the remainder when 3/4 - (-1494)/y is divided by 18?
9
Let k = 189 + -116. Let t(r) = -12*r - 19. Let v be t(-9). Let b = v - 64. Calculate the remainder when k is divided by b.
23
Suppose 4*y - 164 = -d, 0*d + 2*y + 450 = 3*d. Suppose 0 = 3*n + 8 - d. Calculate the remainder when 287 is divided by n.
47
Suppose 8*x - 4*r = 5*x + 322, 2*x + 2*r = 238. Calculate the remainder when 4894 is divided by x.
106
Let t = -956 + 560. Let k = t - -407. What is the remainder when 52 is divided by k?
8
Suppose -51*a + 32*a = -27*a + 1880. Suppose -5*b + 2*v + 304 = -2*v, -v - 121 = -2*b. Calculate the remainder when a is divided by b.
55
Let t = 36 + -23. Suppose -t*g + 9*g + 88 = 0. What is the remainder when g is divided by (3/(-4))/(63/(-1092))?
9
What is the remainder when 176 + (9 - (7 + -10)) is divided by 94?
0
Let f(j) = -6*j**3 + 10*j**2 - 16*j + 35. Let h(p) = -p**3 - p + 1. Let d(g) = -f(g) + 5*h(g). What is the remainder when d(10) is divided by 9?
8
Let l = -135 - -123. What is the remainder when 82 is divided by 1/3 - 2/l*262?
38
Let t be -1 - -1 - (21 + -23). Suppose -2*y = -4*y - 4*n + 60, 0 = -4*y - 2*n + 120. Calculate the remainder when 147*(-2 - (-17 + t)/5) is divided by y.
27
Suppose -4*u - 118*b = -120*b - 82, -u + 5*b = -7. Let q be (-2 + 6/2)*-8. Let k(t) = t + 14. Calculate the remainder when u is divided by k(q).
4
Let z = -2118 - -2260. Calculate the remainder when 489 is divided by z.
63
Let c(d) = -2*d + 2. Suppose 0 = 42*o - 8*o - 71499 + 68983. Calculate the remainder when o is divided by c(-2).
2
Let l be 6 - 7 - (4 - 2). Let p(z) = -z**2 - 14*z - 28. What is the remainder when 17 is divided by p(l)?
2
Let y(f) = 3*f**3 + 36*f**2 + 7*f - 180. Calculate the remainder when 18653 is divided by y(-11).
103
Suppose 2*c - 5*m - 12 = -2, 3*m = 6. Suppose -18*k + 1261 = -9*k - 1061. Calculate the remainder when k is divided by c.
8
Suppose -d - 567 = -k, 20*k - 21*k - 3*d + 547 = 0. Calculate the remainder when k is divided by 104.
42
Let u(i) = -2*i**3 - 6*i**2 - 11*i - 55. What is the remainder when u(-6) is divided by 39?
32
Suppose f = 4*f. Suppose f = -t - 4*t + 190. What is the remainder when (888/2812)/(6/2109) is divided by t?
35
Let a be 8/(-4) + -17 + -1. Let m(o) = -133*o + 56*o + 58*o - o**2 + 23. What is the remainder when 5 is divided by m(a)?
2
Suppose 25612*v - 1573 = 25601*v. Calculate the remainder when v is divided by 33.
11
Let r = 286 - 250. Let k(w) = 23*w. Calculate the remainder when k(6) is divided by r.
30
Let k(m) = -m**3 - 11*m**2 - 10*m + 13. Let u = 82 - 92. What is the remainder when 38 is divided by k(u)?
12
Let h(b) = 12*b**2 - 47*b + 5. Let r be ((-88)/33)/((-4)/6). Suppose -2*d + 5 = -1. Calculate the remainder when h(r) is divided by d.
0
Let w = 2193 - 2187. Calculate the remainder when 3897 is divided by w.
3
Let y(i) = -51*i - 98. Suppose 53*l - 20 = 63*l. Let k(t) = t**3 - t + 6. Calculate the remainder when k(0) is divided by y(l).
2
Let s = 1 + 0. Let p(n) = 5*n - 1. Let v = 164994 + -164993. What is the remainder when p(s) is divided by v?
0
Suppose -5*l - 319 = -295*y + 291*y, 4*y - 291 = l. Calculate the remainder when 209 is divided by y.
67
Calculate the remainder when 57 is divided by -10*(-2 + 1)*90/(-75)*-1.
9
Suppose -108 = -27*m + 27. Suppose 0 = m*d + 4*c - 116 + 38, 4*c = -12. What is the remainder when d is divided by 2?
0
Let k = -117 - -120. Suppose -k*h = -17*h + 1596. What is the remainder when h is divided by 23?
22
Suppose -134 + 2172 = 2*k. Calculate the remainder when k is divided by 14.
11
Let r = 594 + -585. Suppose 3*w + 112 = 4*j, -r*j + 13*j = 2*w + 112. Calculate the remainder when 837 is divided by j.
25
Let c be (-18)/(-15)*(6 + (-48)/18). Suppose -2*k + 7*k - 80 = -4*x, -4*x - 28 = -c*k. What is the remainder when 285 is divided by k?
9
Let u = 1112 + -1106. Let h(w) = w**2 + 5*w + 21. Calculate the remainder when h(-10) is divided by u.
5
Suppose -2 = -2*k + 2*f, 9 = 5*k - 3*f + 2. Suppose 2*t - 126 = -t. Calculate the remainder when t is divided by (2 + 11 + -2)*k.
20
Calculate the remainder when 473 is divided by (-95)/38 + 939/6.
11
Suppose -4*i + 0*i + 48 = 0. Let v be (-175)/(-5)*18/15. Let a = i + v. Calculate the remainder when a is divided by 11.
10
Let b = 117 - 110. Suppose 7*g = -b*g + 196. Suppose -2*v = 3*c - g, -2*c + 8 = -0*c + 2*v. What is the remainder when c is divided by 4?
2
Let m be 0 + 3*(-948)/(-18). Suppose 211 = k + m. Calculate the remainder when k is divided by 17.
2
Suppose 0 = 123*x - 106*x - 68. Let n = 8 - -25. Suppose -w + 4*w = n. What is the remainder when w is divided by x?
3
Suppose 0 = -27*b + 1202 - 446